{"id":2,"date":"2014-12-07T11:57:50","date_gmt":"2014-12-07T11:57:50","guid":{"rendered":"http:\/\/dpsg-heldon.de\/?page_id=2"},"modified":"2014-12-07T14:53:08","modified_gmt":"2014-12-07T14:53:08","slug":"beispiel-seite","status":"publish","type":"page","link":"https:\/\/dpsg-heldon.de\/?page_id=2","title":{"rendered":"Bezirk"},"content":{"rendered":"<p><strong><em>Entstehung des Bezirks<\/em> <\/strong><\/p>\n<p>Mitte 2004 schlossen sich die Bezirke Bergstra\u00dfe und Starkenburg zum Bezirk Heldon zusammen. Da zuvor viele Vorstandsposten in den Bezirken f\u00fcr lange Zeit vakant waren, beschloss die Di\u00f6zesanversammlung Anfang des Jahres eine Reform der Bezirksgrenzen und den Zusammenschluss von Bezirken. Dies geschah mit dem Ziel, die Bezirke arbeitsf\u00e4higer zu machen.<\/p>\n<p><strong><em>Was bedeutet Heldon?<\/em> <\/strong><\/p>\n<p>Heldon ist abgeleitet von einem alten Namen der Starkenburg, die in Heppenheim an der Bergstra\u00dfe zu finden ist. Im Jahre 1063 hie\u00df die Starkenburg noch &#8222;Burcheldon&#8220;. Der erste Wortteil steht dabei f\u00fcr &#8222;Burg, Festung&#8220; und der zweite Teil leitet sich ab von &#8222;haldea&#8220;, was Abhang bedeutet. Die Starkenburg ist also eine &#8222;Burg am Abhang&#8220;. Dadurch \u00fcber die Rheinebene weithin sichtbar und das perfekte Wahrzeichen f\u00fcr unseren Bezirk!<\/p>\n<p>&nbsp;<\/p>\n<p>&nbsp;<\/p>\n","protected":false},"excerpt":{"rendered":"<p>Entstehung des Bezirks Mitte 2004 schlossen sich die Bezirke Bergstra\u00dfe und Starkenburg zum Bezirk Heldon zusammen. Da zuvor viele Vorstandsposten in den Bezirken f\u00fcr lange Zeit vakant waren, beschloss die Di\u00f6zesanversammlung Anfang des Jahres eine Reform der Bezirksgrenzen und den Zusammenschluss von Bezirken. Dies geschah mit dem Ziel, die Bezirke arbeitsf\u00e4higer zu machen. Was bedeutet&#8230;<\/p>\n","protected":false},"author":1,"featured_media":0,"parent":0,"menu_order":0,"comment_status":"open","ping_status":"open","template":"","meta":{"ngg_post_thumbnail":0,"footnotes":""},"class_list":["post-2","page","type-page","status-publish","hentry"],"jetpack_sharing_enabled":true,"jetpack_shortlink":"https:\/\/wp.me\/P5rvYL-2","_links":{"self":[{"href":"https:\/\/dpsg-heldon.de\/index.php?rest_route=\/wp\/v2\/pages\/2","targetHints":{"allow":["GET"]}}],"collection":[{"href":"https:\/\/dpsg-heldon.de\/index.php?rest_route=\/wp\/v2\/pages"}],"about":[{"href":"https:\/\/dpsg-heldon.de\/index.php?rest_route=\/wp\/v2\/types\/page"}],"author":[{"embeddable":true,"href":"https:\/\/dpsg-heldon.de\/index.php?rest_route=\/wp\/v2\/users\/1"}],"replies":[{"embeddable":true,"href":"https:\/\/dpsg-heldon.de\/index.php?rest_route=%2Fwp%2Fv2%2Fcomments&post=2"}],"version-history":[{"count":7,"href":"https:\/\/dpsg-heldon.de\/index.php?rest_route=\/wp\/v2\/pages\/2\/revisions"}],"predecessor-version":[{"id":104,"href":"https:\/\/dpsg-heldon.de\/index.php?rest_route=\/wp\/v2\/pages\/2\/revisions\/104"}],"wp:attachment":[{"href":"https:\/\/dpsg-heldon.de\/index.php?rest_route=%2Fwp%2Fv2%2Fmedia&parent=2"}],"curies":[{"name":"wp","href":"https:\/\/api.w.org\/{rel}","templated":true}]}}