{"id":393,"date":"2015-02-01T19:03:07","date_gmt":"2015-02-01T19:03:07","guid":{"rendered":"http:\/\/dpsg-heldon.de\/?page_id=393"},"modified":"2024-04-15T19:15:53","modified_gmt":"2024-04-15T19:15:53","slug":"rueckblick-woebold-on-ice-1-2-2015","status":"publish","type":"page","link":"https:\/\/dpsg-heldon.de\/?page_id=393","title":{"rendered":"R\u00fcckblick- W\u00f6bold on Ice- 1.2.2015"},"content":{"rendered":"<p>Unter dem Motto \u201eW\u00f6bold On Ice\u201c trafen sich am 1. Februar 140 W\u00f6lflinge, Jungpfadfinder und deren Leiter aus 8 St\u00e4mmen zum Schlittschuhfahren in der Eissporthalle Darmstadt. Nach der Begr\u00fc\u00dfung durfte jeder Anwesende aus drei Vorschl\u00e4gen f\u00fcr den Aktionsaufn\u00e4her ausw\u00e4hlen. Dann ging es auf die Eisfl\u00e4che. Nach 3 Stunden fahren, Polonaise und einem Gruppenfoto, wurde das Ergebnis der Abstimmung ver\u00f6ffentlicht. Alle Kinder und Leiter hatten ihren Spa\u00df und sind ersch\u00f6pft, aber gl\u00fccklich nach Hause gefahren.<\/p>\n<p>\n<div class=\"ngg-galleryoverview ngg-slideshow\"\n\tid=\"ngg-slideshow-ca562789c057fddf70b8d9f20472e749-1728315920\"\n\tdata-gallery-id=\"ca562789c057fddf70b8d9f20472e749\"\n\tstyle=\"max-width: 600px;\n\t\t\tmax-height: 400px;\n\t\t\tdisplay: none;\">\n\n\t\n\t\t<a href=\"https:\/\/dpsg-heldon.de\/wp-content\/gallery\/woebold-on-ice\/P1120244.JPG\"\n\t\t\ttitle=\"\"\n\t\t\tdata-src=\"https:\/\/dpsg-heldon.de\/wp-content\/gallery\/woebold-on-ice\/P1120244.JPG\"\n\t\t\tdata-thumbnail=\"https:\/\/dpsg-heldon.de\/wp-content\/gallery\/woebold-on-ice\/thumbs\/thumbs_P1120244.JPG\"\n\t\t\tdata-image-id=\"1\"\n\t\t\tdata-title=\"P1120244\"\n\t\t\tdata-description=\"\"\n\t\t\tclass=\"ngg-fancybox\" rel=\"ca562789c057fddf70b8d9f20472e749\">\n\n\t\t\t<img data-image-id='1'\n\t\t\t\ttitle=\"\"\n\t\t\t\talt=\"P1120244\"\n\t\t\t\tsrc=\"https:\/\/dpsg-heldon.de\/wp-content\/gallery\/woebold-on-ice\/P1120244.JPG\"\n\t\t\t\tstyle=\"max-height: 380px;\"\/>\n\t\t<\/a>\n\n\t\t\n\t\t<a href=\"https:\/\/dpsg-heldon.de\/wp-content\/gallery\/woebold-on-ice\/P1120312.JPG\"\n\t\t\ttitle=\"\"\n\t\t\tdata-src=\"https:\/\/dpsg-heldon.de\/wp-content\/gallery\/woebold-on-ice\/P1120312.JPG\"\n\t\t\tdata-thumbnail=\"https:\/\/dpsg-heldon.de\/wp-content\/gallery\/woebold-on-ice\/thumbs\/thumbs_P1120312.JPG\"\n\t\t\tdata-image-id=\"2\"\n\t\t\tdata-title=\"P1120312\"\n\t\t\tdata-description=\"\"\n\t\t\tclass=\"ngg-fancybox\" rel=\"ca562789c057fddf70b8d9f20472e749\">\n\n\t\t\t<img data-image-id='2'\n\t\t\t\ttitle=\"\"\n\t\t\t\talt=\"P1120312\"\n\t\t\t\tsrc=\"https:\/\/dpsg-heldon.de\/wp-content\/gallery\/woebold-on-ice\/P1120312.JPG\"\n\t\t\t\tstyle=\"max-height: 380px;\"\/>\n\t\t<\/a>\n\n\t\t\n\t\t<a href=\"https:\/\/dpsg-heldon.de\/wp-content\/gallery\/woebold-on-ice\/P1120326.JPG\"\n\t\t\ttitle=\"\"\n\t\t\tdata-src=\"https:\/\/dpsg-heldon.de\/wp-content\/gallery\/woebold-on-ice\/P1120326.JPG\"\n\t\t\tdata-thumbnail=\"https:\/\/dpsg-heldon.de\/wp-content\/gallery\/woebold-on-ice\/thumbs\/thumbs_P1120326.JPG\"\n\t\t\tdata-image-id=\"3\"\n\t\t\tdata-title=\"P1120326\"\n\t\t\tdata-description=\"\"\n\t\t\tclass=\"ngg-fancybox\" rel=\"ca562789c057fddf70b8d9f20472e749\">\n\n\t\t\t<img data-image-id='3'\n\t\t\t\ttitle=\"\"\n\t\t\t\talt=\"P1120326\"\n\t\t\t\tsrc=\"https:\/\/dpsg-heldon.de\/wp-content\/gallery\/woebold-on-ice\/P1120326.JPG\"\n\t\t\t\tstyle=\"max-height: 380px;\"\/>\n\t\t<\/a>\n\n\t\t\n\t\t<a href=\"https:\/\/dpsg-heldon.de\/wp-content\/gallery\/woebold-on-ice\/P1120387.JPG\"\n\t\t\ttitle=\"\"\n\t\t\tdata-src=\"https:\/\/dpsg-heldon.de\/wp-content\/gallery\/woebold-on-ice\/P1120387.JPG\"\n\t\t\tdata-thumbnail=\"https:\/\/dpsg-heldon.de\/wp-content\/gallery\/woebold-on-ice\/thumbs\/thumbs_P1120387.JPG\"\n\t\t\tdata-image-id=\"4\"\n\t\t\tdata-title=\"P1120387\"\n\t\t\tdata-description=\"\"\n\t\t\tclass=\"ngg-fancybox\" rel=\"ca562789c057fddf70b8d9f20472e749\">\n\n\t\t\t<img data-image-id='4'\n\t\t\t\ttitle=\"\"\n\t\t\t\talt=\"P1120387\"\n\t\t\t\tsrc=\"https:\/\/dpsg-heldon.de\/wp-content\/gallery\/woebold-on-ice\/P1120387.JPG\"\n\t\t\t\tstyle=\"max-height: 380px;\"\/>\n\t\t<\/a>\n\n\t\t\n\t\t<a href=\"https:\/\/dpsg-heldon.de\/wp-content\/gallery\/woebold-on-ice\/P1120398.JPG\"\n\t\t\ttitle=\"\"\n\t\t\tdata-src=\"https:\/\/dpsg-heldon.de\/wp-content\/gallery\/woebold-on-ice\/P1120398.JPG\"\n\t\t\tdata-thumbnail=\"https:\/\/dpsg-heldon.de\/wp-content\/gallery\/woebold-on-ice\/thumbs\/thumbs_P1120398.JPG\"\n\t\t\tdata-image-id=\"5\"\n\t\t\tdata-title=\"P1120398\"\n\t\t\tdata-description=\"\"\n\t\t\tclass=\"ngg-fancybox\" rel=\"ca562789c057fddf70b8d9f20472e749\">\n\n\t\t\t<img data-image-id='5'\n\t\t\t\ttitle=\"\"\n\t\t\t\talt=\"P1120398\"\n\t\t\t\tsrc=\"https:\/\/dpsg-heldon.de\/wp-content\/gallery\/woebold-on-ice\/P1120398.JPG\"\n\t\t\t\tstyle=\"max-height: 380px;\"\/>\n\t\t<\/a>\n\n\t\t\n\t\t<a href=\"https:\/\/dpsg-heldon.de\/wp-content\/gallery\/woebold-on-ice\/P1120401.JPG\"\n\t\t\ttitle=\"\"\n\t\t\tdata-src=\"https:\/\/dpsg-heldon.de\/wp-content\/gallery\/woebold-on-ice\/P1120401.JPG\"\n\t\t\tdata-thumbnail=\"https:\/\/dpsg-heldon.de\/wp-content\/gallery\/woebold-on-ice\/thumbs\/thumbs_P1120401.JPG\"\n\t\t\tdata-image-id=\"6\"\n\t\t\tdata-title=\"P1120401\"\n\t\t\tdata-description=\"\"\n\t\t\tclass=\"ngg-fancybox\" rel=\"ca562789c057fddf70b8d9f20472e749\">\n\n\t\t\t<img data-image-id='6'\n\t\t\t\ttitle=\"\"\n\t\t\t\talt=\"P1120401\"\n\t\t\t\tsrc=\"https:\/\/dpsg-heldon.de\/wp-content\/gallery\/woebold-on-ice\/P1120401.JPG\"\n\t\t\t\tstyle=\"max-height: 380px;\"\/>\n\t\t<\/a>\n\n\t\t\n\t\t<a href=\"https:\/\/dpsg-heldon.de\/wp-content\/gallery\/woebold-on-ice\/P1120414.JPG\"\n\t\t\ttitle=\"\"\n\t\t\tdata-src=\"https:\/\/dpsg-heldon.de\/wp-content\/gallery\/woebold-on-ice\/P1120414.JPG\"\n\t\t\tdata-thumbnail=\"https:\/\/dpsg-heldon.de\/wp-content\/gallery\/woebold-on-ice\/thumbs\/thumbs_P1120414.JPG\"\n\t\t\tdata-image-id=\"7\"\n\t\t\tdata-title=\"P1120414\"\n\t\t\tdata-description=\"\"\n\t\t\tclass=\"ngg-fancybox\" rel=\"ca562789c057fddf70b8d9f20472e749\">\n\n\t\t\t<img data-image-id='7'\n\t\t\t\ttitle=\"\"\n\t\t\t\talt=\"P1120414\"\n\t\t\t\tsrc=\"https:\/\/dpsg-heldon.de\/wp-content\/gallery\/woebold-on-ice\/P1120414.JPG\"\n\t\t\t\tstyle=\"max-height: 380px;\"\/>\n\t\t<\/a>\n\n\t\t<\/div>\n\n\n<\/p>\n","protected":false},"excerpt":{"rendered":"<p>Unter dem Motto \u201eW\u00f6bold On Ice\u201c trafen sich am 1. Februar 140 W\u00f6lflinge, Jungpfadfinder und deren Leiter aus 8 St\u00e4mmen zum Schlittschuhfahren in der Eissporthalle Darmstadt. Nach der Begr\u00fc\u00dfung durfte jeder Anwesende aus drei Vorschl\u00e4gen f\u00fcr den Aktionsaufn\u00e4her ausw\u00e4hlen. Dann ging es auf die Eisfl\u00e4che. Nach 3 Stunden fahren, Polonaise und einem Gruppenfoto, wurde das&#8230;<\/p>\n","protected":false},"author":1,"featured_media":394,"parent":22,"menu_order":0,"comment_status":"closed","ping_status":"closed","template":"","meta":{"ngg_post_thumbnail":0,"footnotes":""},"class_list":["post-393","page","type-page","status-publish","has-post-thumbnail","hentry"],"jetpack_sharing_enabled":true,"jetpack_shortlink":"https:\/\/wp.me\/P5rvYL-6l","_links":{"self":[{"href":"https:\/\/dpsg-heldon.de\/index.php?rest_route=\/wp\/v2\/pages\/393","targetHints":{"allow":["GET"]}}],"collection":[{"href":"https:\/\/dpsg-heldon.de\/index.php?rest_route=\/wp\/v2\/pages"}],"about":[{"href":"https:\/\/dpsg-heldon.de\/index.php?rest_route=\/wp\/v2\/types\/page"}],"author":[{"embeddable":true,"href":"https:\/\/dpsg-heldon.de\/index.php?rest_route=\/wp\/v2\/users\/1"}],"replies":[{"embeddable":true,"href":"https:\/\/dpsg-heldon.de\/index.php?rest_route=%2Fwp%2Fv2%2Fcomments&post=393"}],"version-history":[{"count":3,"href":"https:\/\/dpsg-heldon.de\/index.php?rest_route=\/wp\/v2\/pages\/393\/revisions"}],"predecessor-version":[{"id":416,"href":"https:\/\/dpsg-heldon.de\/index.php?rest_route=\/wp\/v2\/pages\/393\/revisions\/416"}],"up":[{"embeddable":true,"href":"https:\/\/dpsg-heldon.de\/index.php?rest_route=\/wp\/v2\/pages\/22"}],"wp:featuredmedia":[{"embeddable":true,"href":"https:\/\/dpsg-heldon.de\/index.php?rest_route=\/wp\/v2\/media\/394"}],"wp:attachment":[{"href":"https:\/\/dpsg-heldon.de\/index.php?rest_route=%2Fwp%2Fv2%2Fmedia&parent=393"}],"curies":[{"name":"wp","href":"https:\/\/api.w.org\/{rel}","templated":true}]}}