{"id":4263,"date":"2024-02-27T11:37:39","date_gmt":"2024-02-27T11:37:39","guid":{"rendered":"https:\/\/dpsg-heldon.de\/?page_id=4263"},"modified":"2026-03-18T21:32:02","modified_gmt":"2026-03-18T21:32:02","slug":"anmeldung-heldontour","status":"publish","type":"page","link":"https:\/\/dpsg-heldon.de\/?page_id=4263","title":{"rendered":"Anmeldung HeldonTour"},"content":{"rendered":"\n<p class=\"has-medium-font-size\">\u00dcber das Formular kannst du dich zum 4 Akte Bausteintag und\/oder Heldon Tour verbindlich anmelden. Bitte f\u00fclle die Anmeldung vollst\u00e4ndig aus, da wir hieraus die Teilnehmenden- und Zuschusslisten generieren und nat\u00fcrlich die Informationen, was wir f\u00fcr dich an Unterlagen besorgen und was wir kochen k\u00f6nnen. Vielen Dank!<\/p>\n\n\n\n<div class=\"wp-block-group has-medium-font-size\"><div class=\"wp-block-group__inner-container is-layout-constrained wp-block-group-is-layout-constrained\"><div class=\"wp-block-jetpack-contact-form\"><a href=\"https:\/\/dpsg-heldon.de\/?page_id=4263\" target=\"_blank\" rel=\"noopener noreferrer\">Formular einreichen.<\/a><\/div>\n\n\n<pre class=\"wp-block-preformatted\"><\/pre>\n<\/div><\/div>\n\n\n\n<p><\/p>\n","protected":false},"excerpt":{"rendered":"<p>\u00dcber das Formular kannst du dich zum 4 Akte Bausteintag und\/oder Heldon Tour verbindlich anmelden. Bitte f\u00fclle die Anmeldung vollst\u00e4ndig aus, da wir hieraus die Teilnehmenden- und Zuschusslisten generieren und nat\u00fcrlich die Informationen, was wir f\u00fcr dich an Unterlagen besorgen und was wir kochen k\u00f6nnen. Vielen Dank!<\/p>\n","protected":false},"author":3,"featured_media":0,"parent":43,"menu_order":0,"comment_status":"closed","ping_status":"closed","template":"","meta":{"ngg_post_thumbnail":0,"footnotes":""},"class_list":["post-4263","page","type-page","status-publish","hentry"],"jetpack_sharing_enabled":true,"jetpack_shortlink":"https:\/\/wp.me\/P5rvYL-16L","_links":{"self":[{"href":"https:\/\/dpsg-heldon.de\/index.php?rest_route=\/wp\/v2\/pages\/4263","targetHints":{"allow":["GET"]}}],"collection":[{"href":"https:\/\/dpsg-heldon.de\/index.php?rest_route=\/wp\/v2\/pages"}],"about":[{"href":"https:\/\/dpsg-heldon.de\/index.php?rest_route=\/wp\/v2\/types\/page"}],"author":[{"embeddable":true,"href":"https:\/\/dpsg-heldon.de\/index.php?rest_route=\/wp\/v2\/users\/3"}],"replies":[{"embeddable":true,"href":"https:\/\/dpsg-heldon.de\/index.php?rest_route=%2Fwp%2Fv2%2Fcomments&post=4263"}],"version-history":[{"count":22,"href":"https:\/\/dpsg-heldon.de\/index.php?rest_route=\/wp\/v2\/pages\/4263\/revisions"}],"predecessor-version":[{"id":5179,"href":"https:\/\/dpsg-heldon.de\/index.php?rest_route=\/wp\/v2\/pages\/4263\/revisions\/5179"}],"up":[{"embeddable":true,"href":"https:\/\/dpsg-heldon.de\/index.php?rest_route=\/wp\/v2\/pages\/43"}],"wp:attachment":[{"href":"https:\/\/dpsg-heldon.de\/index.php?rest_route=%2Fwp%2Fv2%2Fmedia&parent=4263"}],"curies":[{"name":"wp","href":"https:\/\/api.w.org\/{rel}","templated":true}]}}