{"id":546,"date":"2015-03-04T20:13:39","date_gmt":"2015-03-04T20:13:39","guid":{"rendered":"http:\/\/dpsg-heldon.de\/?page_id=546"},"modified":"2024-11-23T01:47:57","modified_gmt":"2024-11-23T01:47:57","slug":"impressum","status":"publish","type":"page","link":"https:\/\/dpsg-heldon.de\/?page_id=546","title":{"rendered":"Impressum"},"content":{"rendered":"<p>Impressum<\/p>\n<p>Alle hier verwendeten Namen, Begriffe, Zeichen und Grafiken k\u00f6nnen Marken- oder Warenzeichen im Besitze ihrer rechtlichen Eigent\u00fcmer sein. Die Rechte aller erw\u00e4hnten und benutzten Marken- und Warenzeichen liegen ausschlie\u00dflich bei deren Besitzern.<\/p>\n<p>&nbsp;<\/p>\n<table width=\"100%\">\n<tbody>\n<tr>\n<td width=\"40%\"><strong>DPSG Bezirk Heldon<\/strong><br \/>\nDonnersbergring 38a<br \/>\n64295 Darmstadt<br \/>\nDeutschland<\/td>\n<td>\n<table>\n<tbody>\n<tr>\n<td>&nbsp;<\/td>\n<td>&nbsp;<\/td>\n<\/tr>\n<tr>\n<td>&nbsp;<\/td>\n<td><a href=\"http:\/\/www.dpsg-heldon.de\">www.dpsg-heldon.de<\/a><\/td>\n<\/tr>\n<tr>\n<td>&nbsp;<\/td>\n<td><a href=\"mailto:webmaster%28%C3%83%C2%A4t%29dpsg-heldon.de@\">webmaster(at)dpsg-heldon.de@<\/a><\/td>\n<\/tr>\n<\/tbody>\n<\/table>\n<\/td>\n<\/tr>\n<\/tbody>\n<\/table>\n<p>&nbsp;<\/p>\n<p><strong>Rechtliche Angaben<\/strong><\/p>\n<p>Vertretungsberechtigt: Astrid Braunschweig<br \/>\nInhaltlich Verantwortlicher gem\u00e4\u00df TMG<\/p>\n<p><strong>Technische Angaben<\/strong><\/p>\n<p><span style=\"text-decoration: underline;\">Riccardo Biedebach (DPSG Breuberg\/H\u00f6chst)<\/span><br \/>\n<span style=\"text-decoration: underline;\"><a href=\"mailto:webmaster(at)dpsg-heldon.de@\">webmaster(at)dpsg-heldon.de<\/a><\/span><\/p>\n<h2>Datenschutzerkl\u00e4rung<\/h2>\n<div class=\"entry\">\n<p><strong>1.&nbsp;<\/strong><strong>Datenschutzerkl\u00e4rung<\/strong><\/p>\n<p>Diese Datenschutzerkl\u00e4rung unterrichtet dich gem\u00e4\u00df Art. 13 DS-GVO analog dazu \u00a7 15 KDG \u00fcber Art und Weise und die Hintergr\u00fcnde der Verarbeitung deiner personenbezogenen Daten \u00fcber die Website www.dpsg.de (nachfolgend \u201e&nbsp;<strong>Website<\/strong>\u201c) und \u00fcber die euch zustehenden Rechte.<\/p>\n<p>Personenbezogene Daten sind alle Informationen, die sich auf eine identifizierte oder identifizierbare nat\u00fcrliche Person beziehen. Als identifizierbar wird eine nat\u00fcrliche Person angesehen, die direkt oder indirekt, insbesondere mittels Zuordnung zu einer Kennung wie einem Namen, zu einer Kennnummer, zu Standortdaten, zu einer Online-Kennung oder zu einem oder mehreren besonderen Merkmalen identifiziert werden kann, die Ausdruck der physischen, physiologischen, genetischen, psychischen, wirtschaftlichen, kulturellen oder sozialen Identit\u00e4t dieser nat\u00fcrlichen Person sind. Dieses sind also nicht nur dein Name, deine E-Mail-Adresse oder \u201adeine Kontaktdaten, sondern z.B. auch die IP-Adresse, \u00fcber die du ggf. rein informatorisch unsere Website besuchst.<\/p>\n<p><strong>2.&nbsp;<\/strong><strong>Verantwortliche\/r<\/strong><\/p>\n<p>Verantwortliche gem\u00e4\u00df Art. 4 Nr. 7 DS-GVO bzw. \u00a7 4 Nr. 9 KDG ist:<\/p>\n<p>Deutsche Pfadfinderschaft Sankt Georg<br \/>\nBezirk Heldon<\/p>\n<p>Vertretungsberechtigt ist der Bezirksvorstand: Thomas Ottenbacher, Jakob Krampff, Tim Siegel<\/p>\n<p>Kontakt:<\/p>\n<p>Donnersbergring 38a<br \/>\n64295 Darmstadt<br \/>\nDeutschland<\/p>\n<p><strong>3.&nbsp;<\/strong><strong>Datenschutzbeauftragte\/r<\/strong><\/p>\n<p>Die Kontaktdaten der\/des Datenschutzbeauftragte\/n Berirks Heldon: vorstand@dpsg-heldon.de<\/p>\n<p><strong>4.&nbsp;<\/strong><strong>Eure Betroffenenrechte<\/strong><\/p>\n<p>Ihr habt nach der DS-GVO und dem KDG (\u00a7\u00a7 17 ff. KDG) folgende Rechte hinsichtlich der euch betreffenden personenbezogenen Daten:<\/p>\n<p>\u2013 Recht auf Auskunft,<\/p>\n<p>\u2013 Recht auf Berichtigung,<\/p>\n<p>\u2013 Recht auf L\u00f6schung,<\/p>\n<p>\u2013 Recht auf Einschr\u00e4nkung der Verarbeitung,<\/p>\n<p>\u2013 Recht auf Widerspruch gegen die Verarbeitung,<\/p>\n<p>\u2013 Recht auf Daten\u00fcbertragbarkeit.<\/p>\n<p>Sie haben zudem das Recht, sich bei einer Datenschutz-Aufsichtsbeh\u00f6rde bzw. der Datenschutzaufsicht (\u00a7\u00a7 42 ff. KDG) \u00fcber die Verarbeitung Ihrer personenbezogenen Daten zu beschweren.<\/p>\n<p><strong>5.&nbsp;<\/strong><strong>Kontaktanfragen<\/strong><\/p>\n<p>Bei Anfragen \u00fcber unser Kontaktformular oder im Rahmen unserer dir zur Verf\u00fcgung gestellten E-Mailadresse verarbeiten wir die von dir freiwillig zur Verf\u00fcgung gestellten personenbezogenen Daten ausschlie\u00dflich dazu, um deine Anfrage zu bearbeiten, zu beantworten oder uns mit dir in Verbindung zu setzen. Die in diesem Zusammenhang anfallenden Daten werden nach abschlie\u00dfender Beantwortung gel\u00f6scht, sollten nicht gesetzliche oder sonstige Aufbewahrungspflichten bestehen. Rechtsgrundlage f\u00fcr diese Verarbeitung Ihrer personenbezogenen Daten ist Art. 6 Abs. 1 lit. b DS-GVO bzw. \u00a7 6 Abs. 1 lit. c KDG.<\/p>\n<p><strong>6.&nbsp;<\/strong><strong>Links zu anderen Websites<\/strong><\/p>\n<p>Die Website enth\u00e4lt ggf. Links zu anderen Websites, zu Datenschutzerkl\u00e4rungen und Datenschutzrichtlinien auf diesen Websites. Wir \u00fcbernehmen weder eine Haftung noch eine Verantwortung f\u00fcr diese nicht im Zusammenhang mit unserer Website stehenden Erkl\u00e4rungen und Richtlinien.<\/p>\n<p><strong>7.&nbsp;<\/strong><strong>Rein informatorischer Besuch unserer Website<\/strong><\/p>\n<p>Bei dem informatorischen Besuch unserer Website erfassen wir automatisiert folgende Daten und Informationen vom Computersystem des aufrufenden Rechners:<\/p>\n<p>\u2013&nbsp;<em>IP-Adresse<\/em><\/p>\n<p>\u2013&nbsp;<em>Datum und Uhrzeit der Anfrage<\/em><\/p>\n<p>\u2013&nbsp;<em>Zeitzonendifferenz zur Greenwich Mean Time (GMT)<\/em><\/p>\n<p>\u2013&nbsp;<em>Inhalt der Anforderung (konkrete Seite)<\/em><\/p>\n<p>\u2013&nbsp;<em>Zugriffsstatus\/HTTP-Statuscode<\/em><\/p>\n<p>\u2013&nbsp;<em>jeweils \u00fcbertragene Datenmenge<\/em><\/p>\n<p>\u2013&nbsp;<em>Website, von der die Anforderung kommt<\/em><\/p>\n<p>\u2013&nbsp;<em>Browser<\/em><\/p>\n<p>\u2013&nbsp;<em>Betriebssystem und dessen Oberfl\u00e4che<\/em><\/p>\n<p>\u2013&nbsp;<em>Sprache und Version der Browsersoftware<\/em><\/p>\n<p><em>Die Daten werden ebenfalls in den Logfiles unseres Systems gespeichert. Eine Speicherung dieser Daten zusammen mit anderen personenbezogenen Daten des Nutzers findet nicht statt.<\/em><\/p>\n<p>Diese Datenverarbeitung durch unser System dient dem Zweck und unserem Interesse, die Auslieferung der Website an den Rechner des Nutzers zu erm\u00f6glichen. Hierf\u00fcr muss die IP-Adresse des Nutzers f\u00fcr die Dauer der Sitzung gespeichert bleiben.&nbsp;<em>Die Speicherung in Logfiles erfolgt zu dem Zweck und unserem Interesse, die Funktionsf\u00e4higkeit der Website sicherzustellen und zur Optimierung der Website sowie zur Sicherstellung der Sicherheit unserer informationstechnischen Systeme. Eine Auswertung dieser Daten zu Marketingzwecken findet nicht statt.<\/em><\/p>\n<p>Rechtsgrundlage f\u00fcr die Datenverarbeitung ist Art. 6 Abs. 1 S. 1 lit. f DS-GVO bzw. \u00a7 6 Abs. 1 lit. g KDG. Die Daten werden in unserem System gel\u00f6scht, wenn die jeweilige Sitzung beendet ist.&nbsp;<em>Die in den Logfiles gespeicherten Daten werden nach sp\u00e4testens sieben Tagen gel\u00f6scht oder anonymisiert, sodass eine Zuordnung des aufrufenden Clients nicht mehr m\u00f6glich ist.&nbsp;<\/em>Die Erfassung der Daten zur Bereitstellung der Website&nbsp;<em>und die Speicherung der Daten in Logfiles<\/em>&nbsp;ist f\u00fcr den Betrieb der Internetseite zwingend erforderlich. Im \u00dcbrigen erheben wir personenbezogene Daten von dir nur dann, wenn du uns diese auf der Website freiwillig zur Verf\u00fcgung stellst, z. B., wenn du ein Benutzerkonto einrichten oder dich bei einem Newsletter registrieren, eine Bestellung aufgeben oder mit uns in Kontakt treten m\u00f6chtest.<\/p>\n<p>Du kannst die Website auch generell besuchen, ohne personenbezogene Daten preiszugeben. In diesem Fall kann es jedoch sein, dass ihr bestimmte Bereiche der Website nicht nutzen bzw. wir eine Anfrage von euch nicht beantworten k\u00f6nnen.<\/p>\n<p><strong>8.&nbsp;<\/strong><strong>Was sind Cookies?<\/strong><\/p>\n<p>Ein Cookie ist ein kleiner Datensatz, der auf Ihrem Endger\u00e4t gespeichert wird und Daten wie z. B. pers\u00f6nliche Seiteneinstellungen und Anmeldeinformationen enth\u00e4lt. Dieser Datensatz wird von dem Webserver, mit dem du \u00fcber deinen Webbrowser eine Verbindung aufgebaut hast, erzeugt und an dich gesendet.<\/p>\n<p>Nachfolgend sind die gebr\u00e4uchlichsten Arten von Cookies zu deinem Verst\u00e4ndnis erkl\u00e4rt:<\/p>\n<p>\u2013&nbsp;<strong>Sitzungs-Cookies:<\/strong>&nbsp;W\u00e4hrend du auf einer Webseite aktiv bist, wird tempor\u00e4r ein Sitzungs-Cookie im Speicher deines Computers abgelegt, in dem eine Sitzungskennung gespeichert wird, um z. B. bei jedem Seitenwechsel zu verhindern, dass du dich erneut anmelden musst. Sitzungs-Cookies werden bei der Abmeldung gel\u00f6scht oder verlieren ihre G\u00fcltigkeit, sobald ihre Sitzung automatisch abgelaufen ist.<\/p>\n<p>\u2013&nbsp;<strong>Permanente oder Protokoll-Cookies:<\/strong>&nbsp;Ein permanenter oder Protokoll-Cookie speichert eine Datei \u00fcber den im Ablaufdatum vorgesehenen Zeitraum auf deinem Computer. Durch diese Cookies erinnern sich Websites bei deinem n\u00e4chsten Besuch an deine Informationen und Einstellungen. Das f\u00fchrt zu einem schnelleren und bequemeren Zugriff, da du z. B. nicht erneut die Spracheinstellung vornehmen musst. Mit Verstreichen des Ablaufdatums wird der Cookie automatisch gel\u00f6scht, wenn du die Webseite besuchst, die diesen erzeugt hat.<\/p>\n<p><strong>Drittanbieter-Cookies:<\/strong>&nbsp;Drittanbieter-Cookies stammen von anderen Anbietern als dem Betreiber der Webseite. Sie k\u00f6nnen beispielsweise zum Sammeln von Informationen f\u00fcr Werbung, benutzerdefinierte Inhalte und Web-Statistiken verwendet werden.<\/p>\n<p><strong>9.&nbsp;<\/strong><strong>Technisch notwendige Cookies<\/strong><\/p>\n<p>Einige Elemente unserer Internetseite erfordern es, dass der aufrufende Browser auch nach einem Seitenwechsel identifiziert werden kann. In den bei euch zu setzenden Cookies werden dabei folgende Daten gespeichert und \u00fcbermittelt:<\/p>\n<p>\u2013&nbsp;<em>Spracheinstellungen<\/em><\/p>\n<p>\u2013&nbsp;<em>Log-In-Informationen<\/em><\/p>\n<p>Die Cookies werden bei Schlie\u00dfung des Browsers gel\u00f6scht. Die Rechtsgrundlage f\u00fcr die Verarbeitung personenbezogener Daten unter Verwendung dieser technisch notwendigen Cookies ist Art. 6 Abs. 1 lit. f DSGVO bzw. \u00a7 6 Abs. 1 lit. g KDG. Die Cookies dienen unserem berechtigten Interesse, die Nutzung und Bereitstellung unserer Website zu erm\u00f6glichen. Bei den Cookies handelt es sich um f\u00fcr die Nutzung der Website technisch notwendige Cookies.<\/p>\n<p><strong>10.&nbsp;<\/strong><strong>Nutzerprofile<\/strong><\/p>\n<p>Auf unserer Website verwenden wir \u00fcber die technisch notwendigen Cookies hinaus auch Cookies, die Ihr Nutzerverhalten analysieren k\u00f6nnen. Hier geht es also darum, wie ihr unsere Website im Einzelnen verwenden. Wir k\u00f6nnen damit die Qualit\u00e4t unserer Website und ihre Inhalte verbessern. Auf diese Weise k\u00f6nnen folgende (personenbezogene) Daten \u00fcbermittelt werden:<\/p>\n<p>\u2013&nbsp;<em>Eingegebene Suchbegriffe<\/em><\/p>\n<p>\u2013&nbsp;<em>H\u00e4ufigkeit von Seitenaufrufen<\/em><\/p>\n<p>\u2013&nbsp;<em>Inanspruchnahme von Website-Funktionen<\/em><\/p>\n<p>Die auf diese Weise erhobenen Daten werden durch technische Vorkehrungen pseudonymisiert. Daher ist eine Zuordnung der Daten zum aufrufenden Nutzer nicht mehr m\u00f6glich. Die Daten werden nicht gemeinsam mit sonstigen personenbezogenen Daten der Nutzer gespeichert.<\/p>\n<p>Du kannst unsere Website grunds\u00e4tzlich auch ohne Cookies aufrufen. Willst du unsere Websites vollumf\u00e4nglich bzw. komfortabel nutzen, solltest du jedoch diejenigen Cookies akzeptieren, die die Nutzung bestimmter Funktionen erm\u00f6glichen bzw. die Nutzung komfortabler machen.<\/p>\n<p>Die Rechtsgrundlage f\u00fcr die Verarbeitung personenbezogener Daten unter Verwendung der Cookies zu Analysezwecken ist die von euch erteilte Einwilligungserkl\u00e4rung gem. Art. 6 Abs. 1 lit. a DS-GVO bzw. \u00a7 6 Abs. 1 lit. b KDG. Ihr k\u00f6nnt eure Einwilligung jederzeit widerrufen; die personenbezogenen Daten werden dann unverz\u00fcglich gel\u00f6scht. Ihr habt als Nutzerin \/ Nutzer die volle Kontrolle \u00fcber die Speicherung der Cookies und k\u00f6nnt gespeicherte Cookies etwa in eurem Browser jederzeit l\u00f6schen.<\/p>\n<\/div>\n<p>&nbsp;<\/p>\n","protected":false},"excerpt":{"rendered":"<p>Impressum Alle hier verwendeten Namen, Begriffe, Zeichen und Grafiken k\u00f6nnen Marken- oder Warenzeichen im Besitze ihrer rechtlichen Eigent\u00fcmer sein. Die Rechte aller erw\u00e4hnten und benutzten Marken- und Warenzeichen liegen ausschlie\u00dflich bei deren Besitzern. &nbsp; DPSG Bezirk Heldon Donnersbergring 38a 64295 Darmstadt Deutschland &nbsp; &nbsp; &nbsp; www.dpsg-heldon.de &nbsp; webmaster(at)dpsg-heldon.de@ &nbsp; Rechtliche Angaben Vertretungsberechtigt: Astrid Braunschweig Inhaltlich&#8230;<\/p>\n","protected":false},"author":1,"featured_media":0,"parent":0,"menu_order":0,"comment_status":"closed","ping_status":"closed","template":"","meta":{"ngg_post_thumbnail":0,"footnotes":""},"class_list":["post-546","page","type-page","status-publish","hentry"],"jetpack_sharing_enabled":true,"jetpack_shortlink":"https:\/\/wp.me\/P5rvYL-8O","_links":{"self":[{"href":"https:\/\/dpsg-heldon.de\/index.php?rest_route=\/wp\/v2\/pages\/546","targetHints":{"allow":["GET"]}}],"collection":[{"href":"https:\/\/dpsg-heldon.de\/index.php?rest_route=\/wp\/v2\/pages"}],"about":[{"href":"https:\/\/dpsg-heldon.de\/index.php?rest_route=\/wp\/v2\/types\/page"}],"author":[{"embeddable":true,"href":"https:\/\/dpsg-heldon.de\/index.php?rest_route=\/wp\/v2\/users\/1"}],"replies":[{"embeddable":true,"href":"https:\/\/dpsg-heldon.de\/index.php?rest_route=%2Fwp%2Fv2%2Fcomments&post=546"}],"version-history":[{"count":7,"href":"https:\/\/dpsg-heldon.de\/index.php?rest_route=\/wp\/v2\/pages\/546\/revisions"}],"predecessor-version":[{"id":4481,"href":"https:\/\/dpsg-heldon.de\/index.php?rest_route=\/wp\/v2\/pages\/546\/revisions\/4481"}],"wp:attachment":[{"href":"https:\/\/dpsg-heldon.de\/index.php?rest_route=%2Fwp%2Fv2%2Fmedia&parent=546"}],"curies":[{"name":"wp","href":"https:\/\/api.w.org\/{rel}","templated":true}]}}