{"id":754,"date":"2015-09-27T16:43:48","date_gmt":"2015-09-27T16:43:48","guid":{"rendered":"http:\/\/dpsg-heldon.de\/?page_id=754"},"modified":"2015-09-27T16:49:52","modified_gmt":"2015-09-27T16:49:52","slug":"bezirkskino-25-9-2015","status":"publish","type":"page","link":"https:\/\/dpsg-heldon.de\/?page_id=754","title":{"rendered":"Bezirkskino 25.9.2015"},"content":{"rendered":"<p>Am 25.9 fand zum sechsten Mal das allj\u00e4hrigen Open-Air-Bezirkskino statt.<br \/>\nVom W\u00f6lfling bis hin zum Leiter kamen \u00fcber 100 Pfadfinder aus dem gesamten Bezirk nach Griesheim.<\/p>\n<p>Der Abend begann um 19:30 Uhr mit einenem\u00a0Vorfilm, welcher am Bezirkswochenende\u00a0gedreht wurde.\u00a0Bei frisch gemachtem\u00a0Popcorn, Haribot\u00fcten, Eis und k\u00fchlen Getr\u00e4nken genossen alle den mit Spannung erwarteten Hauptfilm: <em>Ich &#8211; Einfach Unverbesserlich<\/em>.<br \/>\nAls &#8222;Gute Nacht&#8220;-Film wurde noch das Sandm\u00e4nnchen gezeigt.<\/p>\n<p>&nbsp;<\/p>\n","protected":false},"excerpt":{"rendered":"<p>Am 25.9 fand zum sechsten Mal das allj\u00e4hrigen Open-Air-Bezirkskino statt. Vom W\u00f6lfling bis hin zum Leiter kamen \u00fcber 100 Pfadfinder aus dem gesamten Bezirk nach Griesheim. Der Abend begann um 19:30 Uhr mit einenem\u00a0Vorfilm, welcher am Bezirkswochenende\u00a0gedreht wurde.\u00a0Bei frisch gemachtem\u00a0Popcorn, Haribot\u00fcten, Eis und k\u00fchlen Getr\u00e4nken genossen alle den mit Spannung erwarteten Hauptfilm: Ich &#8211; Einfach&#8230;<\/p>\n","protected":false},"author":1,"featured_media":0,"parent":666,"menu_order":0,"comment_status":"closed","ping_status":"closed","template":"","meta":{"ngg_post_thumbnail":0,"footnotes":""},"class_list":["post-754","page","type-page","status-publish","hentry"],"jetpack_sharing_enabled":true,"jetpack_shortlink":"https:\/\/wp.me\/P5rvYL-ca","_links":{"self":[{"href":"https:\/\/dpsg-heldon.de\/index.php?rest_route=\/wp\/v2\/pages\/754","targetHints":{"allow":["GET"]}}],"collection":[{"href":"https:\/\/dpsg-heldon.de\/index.php?rest_route=\/wp\/v2\/pages"}],"about":[{"href":"https:\/\/dpsg-heldon.de\/index.php?rest_route=\/wp\/v2\/types\/page"}],"author":[{"embeddable":true,"href":"https:\/\/dpsg-heldon.de\/index.php?rest_route=\/wp\/v2\/users\/1"}],"replies":[{"embeddable":true,"href":"https:\/\/dpsg-heldon.de\/index.php?rest_route=%2Fwp%2Fv2%2Fcomments&post=754"}],"version-history":[{"count":3,"href":"https:\/\/dpsg-heldon.de\/index.php?rest_route=\/wp\/v2\/pages\/754\/revisions"}],"predecessor-version":[{"id":762,"href":"https:\/\/dpsg-heldon.de\/index.php?rest_route=\/wp\/v2\/pages\/754\/revisions\/762"}],"up":[{"embeddable":true,"href":"https:\/\/dpsg-heldon.de\/index.php?rest_route=\/wp\/v2\/pages\/666"}],"wp:attachment":[{"href":"https:\/\/dpsg-heldon.de\/index.php?rest_route=%2Fwp%2Fv2%2Fmedia&parent=754"}],"curies":[{"name":"wp","href":"https:\/\/api.w.org\/{rel}","templated":true}]}}