{"id":949,"date":"2016-02-06T13:36:59","date_gmt":"2016-02-06T13:36:59","guid":{"rendered":"http:\/\/dpsg-heldon.de\/?page_id=949"},"modified":"2024-04-15T19:17:40","modified_gmt":"2024-04-15T19:17:40","slug":"rueckblick-justu-winterhike-30-31-januar-2016","status":"publish","type":"page","link":"https:\/\/dpsg-heldon.de\/?page_id=949","title":{"rendered":"R\u00fcckblick &#8211; JuStu-Winterhike &#8211; 30.-31. Januar 2016"},"content":{"rendered":"<p>Am Wochenende vom 30. auf den 31. Januar fand der zweite JuStu-Winterhaik statt. Auch wenn es diese Mal mit +8\u00b0 C nicht so winterlich zuging, hatten wir dennoch gro\u00dfes Gl\u00fcck mit dem Wetter. Trotz 90% Regenwahrscheinlichkeit hat der Regen uns w\u00e4hrend der Wanderung verschont.<\/p>\n<p>Los ging es f\u00fcr die 34 Teilnehmer, von denen ein paar sogar aus Rhein-Main-Hessen angereist waren, in Zwingenberg am Bahnhof. Von dort sind wir erstmal auf Melibokus, den einzigen hohe Berg an der Bergstra\u00dfe, gewandert. Oben angekommen hatten wir uns alle unsere Brotzeit wirklich verdient. Danach ging es gl\u00fccklicherweise nur noch bergab bis zu unserm Zeltplatz nach Seeheim-Jugenheim, wo wir die Nacht in mehreren Jurten (teils sogar mit Ofen) verbrachten. Das Thema war Beachparty und so gab es aufblasbare Palmen, KiBa und ganz viele S\u00fc\u00dfigkeiten.<\/p>\n<p>Am n\u00e4chsten Morgen ging es nach dem Aufbau wieder motiviert zur\u00fcck nach Zwingenberg.<\/p>\nngg_shortcode_0_placeholder\n","protected":false},"excerpt":{"rendered":"<p>Am Wochenende vom 30. auf den 31. Januar fand der zweite JuStu-Winterhaik statt. Auch wenn es diese Mal mit +8\u00b0 C nicht so winterlich zuging, hatten wir dennoch gro\u00dfes Gl\u00fcck mit dem Wetter. Trotz 90% Regenwahrscheinlichkeit hat der Regen uns w\u00e4hrend der Wanderung verschont. Los ging es f\u00fcr die 34 Teilnehmer, von denen ein paar&#8230;<\/p>\n","protected":false},"author":3,"featured_media":0,"parent":39,"menu_order":0,"comment_status":"closed","ping_status":"closed","template":"","meta":{"ngg_post_thumbnail":0,"footnotes":""},"class_list":["post-949","page","type-page","status-publish","hentry"],"jetpack_sharing_enabled":true,"jetpack_shortlink":"https:\/\/wp.me\/P5rvYL-fj","_links":{"self":[{"href":"https:\/\/dpsg-heldon.de\/index.php?rest_route=\/wp\/v2\/pages\/949","targetHints":{"allow":["GET"]}}],"collection":[{"href":"https:\/\/dpsg-heldon.de\/index.php?rest_route=\/wp\/v2\/pages"}],"about":[{"href":"https:\/\/dpsg-heldon.de\/index.php?rest_route=\/wp\/v2\/types\/page"}],"author":[{"embeddable":true,"href":"https:\/\/dpsg-heldon.de\/index.php?rest_route=\/wp\/v2\/users\/3"}],"replies":[{"embeddable":true,"href":"https:\/\/dpsg-heldon.de\/index.php?rest_route=%2Fwp%2Fv2%2Fcomments&post=949"}],"version-history":[{"count":3,"href":"https:\/\/dpsg-heldon.de\/index.php?rest_route=\/wp\/v2\/pages\/949\/revisions"}],"predecessor-version":[{"id":996,"href":"https:\/\/dpsg-heldon.de\/index.php?rest_route=\/wp\/v2\/pages\/949\/revisions\/996"}],"up":[{"embeddable":true,"href":"https:\/\/dpsg-heldon.de\/index.php?rest_route=\/wp\/v2\/pages\/39"}],"wp:attachment":[{"href":"https:\/\/dpsg-heldon.de\/index.php?rest_route=%2Fwp%2Fv2%2Fmedia&parent=949"}],"curies":[{"name":"wp","href":"https:\/\/api.w.org\/{rel}","templated":true}]}}